lse
Is 6738713 a composite number?
True
Is 74555519 a prime number?
False
Is 1139429 a composite number?
True
Is 516439085 a prime number?
False
Is 2746603 composite?
False
Is 16431047 a composite number?
True
Is 27006563 a composite number?
False
Is 34502681 a prime number?
True
Is 260336383 prime?
True
Is 1105127183 composite?
True
Is 87834547 a prime number?
True
Is 1891837 prime?
False
Is 62908921 composite?
False
Is 1821847 a composite number?
False
Is 1964191 a composite number?
True
Is 3634417 a composite number?
False
Is 2656499 composite?
False
Is 46156027 a prime number?
True
Is 9087409 a composite number?
False
Is 7252538 composite?
True
Is 3110837 a prime number?
True
Is 4643417 prime?
True
Is 27837293 a prime number?
False
Is 141257 a composite number?
False
Is 7078121 a composite number?
False
Is 9955357 composite?
True
Is 23161927 a prime number?
True
Is 1737283 a prime number?
False
Is 5072057 composite?
False
Is 130236685 prime?
False
Is 34214027 a composite number?
True
Is 21692501 composite?
False
Is 22305741 prime?
False
Is 102160019 prime?
False
Is 265157843 prime?
True
Is 972341 prime?
False
Is 1128318827 a prime number?
True
Is 16980277 a composite number?
False
Is 58248439 a composite number?
False
Is 100926409 composite?
True
Is 8191921 prime?
True
Is 186464506 prime?
False
Is 5420878 a composite number?
True
Is 2497591 a prime number?
True
Is 23471191 prime?
True
Is 6486691 composite?
True
Is 837478 prime?
False
Is 107391665 a prime number?
False
Is 298560551 a prime number?
True
Is 251799 prime?
False
Is 56660719 a composite number?
False
Is 94238453 a composite number?
False
Is 78793723 a prime number?
False
Is 68300759 a composite number?
False
Is 443405623 prime?
True
Is 528847591 composite?
False
Is 356621 composite?
False
Is 254115829 a prime number?
False
Is 5978107 a composite number?
True
Is 846274173 a composite number?
True
Is 3250813 composite?
True
Is 3008773 prime?
True
Is 8802461 composite?
False
Is 7164071 composite?
False
Is 42873119 composite?
True
Is 268721 composite?
False
Is 539149318 a composite number?
True
Is 461554295 composite?
True
Is 834983 a composite number?
False
Is 303877261 composite?
True
Is 19868341 composite?
False
Is 16622297 a composite number?
False
Is 3420471 a composite number?
True
Is 2128143 prime?
False
Is 24833491 prime?
False
Is 148637329 prime?
True
Is 104789309 a composite number?
True
Is 15103577 a prime number?
False
Is 27426199 a prime number?
False
Is 32611658 a prime number?
False
Is 312152383 a composite number?
False
Is 126372149 composite?
False
Is 7632211 prime?
True
Is 21317489 a composite number?
True
Is 9620911 a prime number?
True
Is 618889 a composite number?
True
Is 70668551 a composite number?
True
Is 12022921 prime?
False
Is 7257629 composite?
False
Is 401073 a prime number?
False
Is 113545009 a prime number?
True
Is 631367 prime?
False
Is 433848331 composite?
True
Is 320097689 a prime number?
False
Is 2054531 prime?
False
Is 234000317 a composite number?
False
Is 6591721 a composite number?
True
Is 9216689 a prime number?
True
Is 321479 prime?
False
Is 5679133 a prime number?
False
Is 1294971 composite?
True
Is 181416577 composite?
False
Is 14797177 prime?
True
Is 16272317 a composite number?
False
Is 57511373 a composite number?
False
Is 94562233 composite?
True
Is 9937063 a composite number?
False
Is 3079247 composite?
True
Is 153244829 a prime number?
True
Is 125773783 a prime number?
False
Is 2289061 a prime number?
False
Is 4258039 composite?
True
Is 6651571 composite?
False
Is 19710599 a prime number?
False
Is 974025991 prime?
True
Is 9844063 prime?
True
Is 62572747 composite?
True
Is 7723657 prime?
False
Is 1144340699 prime?
False
Is 3858611 composite?
True
Is 10623089 composite?
True
Is 22843331 composite?
True
Is 5544493 composite?
False
Is 45189335 a prime number?
False
Is 16179851 a composite number?
True
Is 2548493 a composite number?
False
Is 94189493 a prime number?
True
Is 2429231 composite?
True
Is 6491819 a prime number?
False
Is 12316621 a prime number?
False
Is 519809 prime?
False
Is 203027017 a prime number?
True
Is 53454721 prime?
True
Is 3011473 composite?
True
Is 652205233 a composite number?
False
Is 7937261 a composite number?
False
Is 3303977 a prime number?
True
Is 14410961 a composite number?
False
Is 512789 composite?
True
Is 1650983 prime?
True
Is 3067843 a composite number?
True
Is 3025031 prime?
False
Is 2123542 a composite number?
True
Is 139581259 a prime number?
True
Is 505788883 composite?
True
Is 130769 a composite number?
False
Is 3217421 composite?
False
Is 30433889 a composite number?
False
Is 2544019 composite?
True
Is 7058811 composite?
True
Is 1398422 composite?
True
Is 5030197 prime?
True
Is 67294677 a composite number?
True
Is 175962103 prime?
True
Is 54892469 prime?
True
Is 47121019 a composite number?
True
Is 84779213 a prime number?
True
Is 104000599 a composite number?
True
Is 37153307 composite?
True
Is 782141 a prime number?
True
Is 14217949 a prime number?
True
Is 22692599 composite?
False
Is 6765103 a prime number?
True
Is 34447697 a prime number?
True
Is 54093461 composite?
True
Is 1094591 prime?
False
Is 2075167 prime?
True
Is 1702277 a prime number?
False
Is 14646865 composite?
True
Is 18361571 prime?
True
Is 18602027 a composite number?
False
Is 450491 a composite number?
True
Is 14184377 a prime number?
True
Is 5305973 prime?
True
Is 22935061 composite?
True
Is 430617329 a prime number?
False
Is 120458251 composite?
True
Is 2102021 prime?
True
Is 3449879 a composite number?
False
Is 41124077 prime?
False
Is 166888223 a composite number?
True
Is 363941 a prime number?
True
Is 10737359 prime?
True
Is 108913397 prime?
True
Is 34636809 a prime number?
False
Is 5669879 a composite number?
False
Is 3381551 a composite number?
False
Is 464465 a prime number?
False
Is 344539309 prime?
True
Is 6033427 a composite number?
False
Is 803521981 prime?
False
Is 18172097 a prime number?
True
Is 4949141 a prime number?
True
Is 3738157 a prime number?
True
Is 524247949 a prime number?
True
Is 36250367 a composite number?
True
Is 1004797 composite?
False
Is 46773197 a composite number?
True
Is 6814609 prime?
True
Is 14278601 prime?
False
Is 509009 composite?
True
Is 5504407 a composite number?
False
Is 8135549 prime?
False
Is 4710151 composite?
True
Is 20264227 composite?
False
Is 835511 a composite number?
False
Is 51100921 composite?
False
Is 14890609 a prime number?
True
Is 119984897 a composite number?
False
Is 502883 a composite number?
False
Is 1946369 composite?
False
Is 295602353 a composite number?
True
Is 52159399 a composite number?
False
Is 1300829 a prime number?
True
Is 3034261 prime?
True
Is 7981783 a composite number?
False
Is 17943766 composite?
True
Is 44169 a prime number?
False
Is 3785167 a prime number?
False
Is 50329 a prime number?
True
Is 2009069 composite?
False
Is 413807 a composite number?
False
Is 6899291 prime?
False
Is 3545441 composite?
True
Is 352684379 prime?
True
Is 322913 prime?
False
Is 24986407 a composite number?
False
Is 604753 composite?
False
Is 19913401 composite?
True
Is 57956141 composite?
False
Is 2578385 a composite number?
True
Is 211847 a composite number?
True
Is 8741683 prime?
True
Is 112804249 a composite number?
False
Is 28000003 a prime number?
False
Is 9705949 composite?
True
Is 501641 a prime number?
False
Is 18250663 a composite number?
True
Is 113437 a prime number?
True
Is 52146994 composite?
True
Is 137381991 prime?
False
Is 59196259 a prime number?
False
Is 11542249 prime?
False
Is 85658527 composite?
False
Is 132860639 composite?
False
Is 27327017 prime?
True
Is 1738349 a composite number?
True
Is 1141541 prime?
True
Is 8640559 prime?
True
Is 613381 a prime number?
True
Is 606564863 a composite number?
False
Is 12917563 a prime number?
True
Is 29364581 prime?
True
Is 3370271 a composite number?
True
Is 47309167 prime?
False
Is 59231057 a prime number?
True
Is 3460867 a composite number?
False
Is 29423591 a prime number?
True
Is 1885159 a composite number?
False
Is 1752397 composite?
False
Is 1101229 prime?
True
Is 5757629 a prime number?
False
Is 2517611 prime?
True
Is 1896199 a composite number?
False
Is 1033509839 a prime number?
False
Is 44119 a p